nd 74.
37
Let i = -157 - -159. Suppose 5*a - 38 = -5*j + 72, -2*j - 56 = -i*a. What is the greatest common factor of 35 and a?
5
Suppose 80 - 20 = 10*d. Let c(s) = 7*s + 16. Let w be c(d). Suppose -2*j + 3*r + w = -2*r, -2*j - r + 70 = 0. What is the highest common divisor of 34 and j?
34
Let u be 4 + (-2)/4 + 82/4. Suppose -u*z = -25*z + 76. Calculate the highest common divisor of z and 38.
38
Suppose 5*i + 4*a - 85 = -10, 0 = -2*a. Calculate the highest common factor of i and 3.
3
Let d(a) = 5*a**3 - 4*a**2 + a + 1. Suppose -65*v + 66*v - 4*s = 1, 0 = s. Let k be d(v). What is the greatest common factor of k and 2?
1
Suppose 3683 = -17*u + 3972. Calculate the highest common divisor of u and 9622.
17
Suppose -3*i + 4*i + r = 110, -5*r - 206 = -2*i. Suppose -5*w = -0*w - 70. Suppose w - 2 = k. What is the highest common divisor of k and i?
12
Let p = 671 - 668. Suppose 15 = p*n, 2*m - m - 4*n = 71. Let w = -5 + 12. Calculate the highest common divisor of w and m.
7
Suppose 5*r = 98*d - 96*d - 2734, 4*r = -2*d + 2770. Calculate the highest common divisor of d and 81.
81
Suppose -s = 4*d - 195, -2*d = -6*s + 5*s - 93. Let p(v) = -26 + 10*v + 19 + 56 + 54 - 1. Let y be p(-9). What is the highest common divisor of d and y?
12
Let j = 27948 + -27946. Calculate the greatest common factor of 203 and j.
1
Suppose 0 = -z + 2*x + 12, -37*z + 36*z + 4*x = -20. What is the greatest common divisor of z and 554?
2
Let a(s) = -4*s**2 - 197*s + 17. Let f be a(-45). Calculate the greatest common divisor of 374 and f.
34
Let g(d) = -d**2 + 15*d + 0*d + 24 + 0*d. Let p be g(12). Let r be 888/p + 1/5 - 2. Calculate the highest common factor of r and 13.
13
Suppose 0 = 13*z + 9692 - 60392 - 12259. What is the highest common divisor of 29 and z?
29
Let g be (3/3)/(-1 - (-10)/9). Let j be (g/(-45))/(3/(-15)). Let s be (76 - j) + (3/(-1))/1. What is the highest common divisor of 24 and s?
24
Suppose -11263 - 965 = -34*f + 20038. What is the highest common factor of f and 26?
13
Suppose -127*y + 126*y + 16 = m, 0 = 4*y + 2*m - 70. Calculate the greatest common divisor of y and 152.
19
Let a be 6 + 0 - (-1 + -1)*-1. Suppose -4*p + 116 = 3*w + w, 32 = p + 4*w. Let c be ((-8)/4)/((-2)/p). What is the highest common divisor of c and a?
4
Let t = -36720 - -36731. Calculate the highest common factor of 12881 and t.
11
Suppose -5*d = 2*l + 2, l + 18 = 3*l - 5*d. Suppose -3*j + 221 = -j - t, -124 = -j - l*t. Calculate the highest common factor of j and 21.
7
Suppose -2*o - 5*f = 2, 5*o - o = f - 4. Suppose -2*b + 53 - 55 = 0. Let a be 39/(o + b + 3). What is the greatest common factor of a and 3?
3
Let i(p) = -12*p + 10. Let j be i(11). Let q = -18 - j. Calculate the highest common factor of q and 78.
26
Let r(m) = -67*m**3 - 2*m**2 - 2*m - 2. Let c be r(-1). Calculate the highest common divisor of c and 250.
5
Suppose 0 = 4*n + 2*n - 88*n + 1148. Calculate the greatest common divisor of n and 26.
2
Suppose 3*s - 4*m - 258 = 0, 4*s = -0*s - 4*m + 372. Suppose 6*t + 3*g = 11*t - 279, -4*t - 56*g + 632 = 0. Calculate the greatest common factor of s and t.
30
Suppose -580*z - 14441 = -573*z. Let x = -698 - z. What is the greatest common factor of x and 15?
15
Suppose -z + 4*j = -120, j + 685 = 5*z - 2*j. Suppose 222*c = 227*c - z. Let b be 94/14 - 2/(-7). Calculate the greatest common factor of b and c.
7
Let c be 0 + (1 - 1) - -7. Suppose 6 = -2*l + 3*q, 74*l + 4*q - 8 = 69*l. Suppose -c*d + 298 + 122 = l. Calculate the greatest common factor of d and 15.
15
Let o be 11/(-44)*(-1 + -1 - 10). Suppose 35 = -o*q + 140. Calculate the highest common divisor of q and 1015.
35
Suppose -4*m = 29 - 109. Suppose 4*l - 5 = -5*n, 2*l - n = -7 + m. Let s be (280/12)/l - 4/6. What is the highest common factor of s and 20?
4
Let w = -24188 + 26598. What is the highest common divisor of w and 50?
10
Suppose -1633*y + 1605*y = -18648. What is the greatest common divisor of y and 2368?
74
Suppose -70452*b + 70438*b + 178514 = 0. Calculate the greatest common divisor of 82 and b.
41
Let q(f) = -2*f**3 - 119*f**2 + 73*f - 122. Let o be q(-61). Calculate the highest common divisor of o and 108.
108
Suppose -12*z + 496 = -16*z. Let k = z + 136. Let i(v) = v**3 + v**2 + v + 24. Let r be i(0). Calculate the highest common divisor of k and r.
12
Let c(v) = -5*v + 10. Let j be c(-4). Let b be -52 - (-2 + (2 - 2)). Let m = -48 - b. Calculate the highest common factor of m and j.
2
Suppose -5*p = -q - 2, -q - 4*q + 19 = 4*p. Let a(r) = 2*r**3 - r + 6 - 1 + r**2 - 1 - 4. Let o be a(p). What is the greatest common factor of o and 2?
2
Let f = -19624 + 19672. What is the greatest common factor of 5976 and f?
24
Let t(r) = -13*r - 8*r**3 - 36 + 28*r - 7*r - 10*r. Let q be t(-4). What is the highest common divisor of q and 44?
44
Let l be -1 - (-49)/(-14)*-2. Let m(t) = 3*t**3 - 6*t**2 - 3*t + 23. Let b be m(l). What is the highest common factor of b and 19?
19
Let l(a) = -a + 43. Let w = -158 - -153. Let p be l(w). Calculate the highest common divisor of 144 and p.
48
Suppose 2*t + 12*r + 2*r - 35616 = 0, -4*t - 2*r + 71232 = 0. What is the greatest common divisor of t and 12?
12
Let n(s) = s**2 + 89*s + 566. Let r be n(-87). What is the highest common factor of 1 and r?
1
Let q(b) = 2*b**2 - 1. Let a be q(-1). Let d be a - (-5)/(10/292). Let k = 1587 + -1566. Calculate the highest common factor of d and k.
21
Let x(i) = -i**3 - 2*i**2 + 12*i + 33. Let f be x(-3). Calculate the highest common divisor of 1322 and f.
2
Let q(n) = n**2 + 21*n - 30. Let t be q(-23). Suppose -51*w + t*w = -2310. Calculate the greatest common factor of 6 and w.
6
Suppose -9308 = -4*v + g, 2*v - 3*v - 3*g + 2327 = 0. What is the greatest common divisor of 65 and v?
13
Let d be (((-1)/3)/1)/(34/(-9384)). Suppose 16*h - 80 = 1024. What is the highest common factor of d and h?
23
Let n = -360 - -426. Suppose -n*d = -55*d - 605. Calculate the highest common divisor of d and 385.
55
Let r(s) = 144*s**2 + 80*s - 166. Let v be r(2). What is the greatest common factor of v and 2580?
30
Let a(s) = s - 24. Let t be a(12). Let v = 222 + t. Suppose o - 8*o = -v. Calculate the greatest common divisor of 12 and o.
6
Let g(r) = 1 - r**2 - 3 + 0*r**2 - 5*r. Let p(i) = i**3 + 2*i**2 + 6*i + 23. Let f be p(-3). Let m be g(f). What is the greatest common factor of m and 4?
2
Let p(g) = 4*g + 0 + 2 + g**2 + 5. Let w be p(-5). Suppose 175*y = -391*y - 178*y + 29*y + 25740. Calculate the greatest common factor of y and w.
12
Suppose 94*d - 56 = 3328. Calculate the highest common divisor of d and 24.
12
Let z be ((-165)/(-6))/((-1)/2). Let v = z + 59. Suppose k - 155 = -2*p, v*p + 5*k - 123 - 196 = 0. Calculate the greatest common factor of 19 and p.
19
Let c(p) = -p**2 - 7*p - 51. Let k be c(-7). Let o be (-272)/k + (-10)/(-6). Calculate the highest common factor of 5 and o.
1
Let c(o) be the first derivative of o**4/4 + 35*o**3/3 - 2*o**2 - 84*o - 2. Let j be c(-35). Calculate the highest common divisor of 8 and j.
8
Let p(n) = -n - 7. Let q be p(-7). Suppose 2*m - m = l - 13, -3*m - 12 = q. What is the greatest common factor of l and 45?
9
Let b be ((-3)/(-2))/(2355/294 - 8). What is the highest common divisor of b and 931?
49
Suppose 5*a - 849 = w + 111, 4*a = 2*w + 768. Let d = -233 + 305. What is the greatest common divisor of d and a?
24
Let x be -2 + -6 + (-264)/(-22). Suppose -211 = -3*s + 5*h, 0 = -x*s + 8*h - 6*h + 286. What is the greatest common divisor of s and 84?
12
Let y(s) = -403*s + 6463. Let h be y(-29). Calculate the greatest common divisor of 484 and h.
242
Suppose 13*y = -33*y + 506. What is the highest common divisor of 7997 and y?
11
Suppose 0 = 2*l + 3767*b - 3762*b - 170, -3*b = -2*l + 234. Let g = -2 + -7. Let v = 24 + g. What is the greatest common factor of v and l?
15
Let p = 50 + -85. Let o = p + 42. Let j be 2/o - (-996)/42. What is the highest common factor of j and 12?
12
Let k be -7*(-12470)/609*(-1 + (-17)/(-5)). Calculate the highest common factor of 88 and k.
8
Suppose 2*d - 1 = -11, -2*i - 11 = 3*d. Let y = 149 + -87. What is the greatest common factor of i and y?
2
Suppose 8745 = -2*u + 2*u + 15*u. What is the highest common divisor of 424 and u?
53
Let h = 3398 + -3106. What is the greatest common factor of 3